x(t).
-3
Let k = 35649 - 35645. Let r(x) be the second derivative of -1/2*x**3 + 1/20*x**5 + 2*x**2 - 7*x - 1/4*x**k + 0. Determine r(3).
-5
Let s(g) be the second derivative of g**4/12 + 13*g**3/6 + 15*g**2/2 + 830*g. What is s(-7)?
-27
Let r(o) = 13*o**3 - 4*o**2 + 12*o + 51. Let m(a) = -3*a**3 + 2*a**2 - 4*a - 13. Let t(n) = -9*m(n) - 2*r(n). Calculate t(9).
42
Let h(x) = 15*x + 21*x - 37*x. Suppose -2*n - 4*n + 438 = 0. Let q = 78 - n. What is h(q)?
-5
Suppose 2*v + 4*b + 25 = 179, -2*v + 148 = 2*b. Let r(a) = 72*a**3 + a**2 - v*a**3 + 2*a + 1 + 2*a**2. Calculate r(-1).
1
Let i(k) = k**3 - 8*k**2 - 8*k - 4. Let p be i(9). Let o(j) = -3*j**2 + 5*j + 52. Let b be o(5). Let v(r) = -1 + 3 + p*r - 2 - 3 + r**b. What is v(-5)?
-3
Let p(v) be the third derivative of v**6/720 - v**5/60 - v**4/12 + 10*v**3/3 + 97*v**2. Let m(r) be the second derivative of p(r). Determine m(5).
3
Let v(x) = 2*x + 161 - 78 - 62. Suppose -9*l + 17*l = -72. Give v(l).
3
Let s(n) = n**2 - 6*n + 4. Let u be s(3). Let d(j) be the second derivative of -j**5/20 - j**4/3 + 7*j**3/6 + 11*j**2/2 + 2*j + 17984. Determine d(u).
1
Let u be (-10)/12 + 7942/228. Let h(c) = 1283*c + u - 635*c - 643*c. Determine h(-6).
4
Let h(y) = 4*y**2 + 7*y + 65. Let v(w) = -w**2 - w - 18. Let j(b) = -h(b) - 5*v(b). What is j(0)?
25
Let n(t) = 10 - 3*t + 10*t**2 - 1 + t**3 - 14*t**2. Let r be n(4). Let m(g) be the first derivative of -g**4/4 - 2*g**3/3 + 5*g**2/2 + 2*g - 1. Calculate m(r).
-4
Let s(c) = 80*c - 104*c + 17 + 26*c. What is s(0)?
17
Suppose b + 5 = 58. Let u = -56 + b. Let x(z) be the second derivative of z**5/20 + 5*z**4/12 + 2*z**3/3 - z**2/2 - 5*z - 3. Give x(u).
5
Let m(v) be the second derivative of -2/3*v**3 + 0 - 7*v - 1/12*v**4 + 5/2*v**2. Suppose -z + 14 = 4*a + 5, 3*z + 25 = a. Give m(z).
-16
Let c(j) = -4*j**3 + 3*j**2 - 9*j - 7. Let m(o) = -2*o - 1. Let a(u) = c(u) - 2*m(u). What is a(-2)?
49
Let w(j) = -j - 3*j + 5*j + 16 + j - 3*j. Calculate w(-8).
24
Let f(g) = -g**2 - 10*g - 4. Suppose 0 = -6*c + 648 - 144. Suppose 0*x + x - c = 0. Let v be (x/36)/((-1)/3). Give f(v).
17
Let u = -300 + 276. Let r be (-4)/u + (-4)/24. Let m(t) = t + 0*t**2 - t**2 + 0*t - 3 - 5. Give m(r).
-8
Let p(c) be the second derivative of -c**4/12 - c**3/3 + c**2/2 - 309*c. What is p(-3)?
-2
Let s(v) = -7*v + 1806*v**2 - 1805*v**2 + 6*v - 34 + 1. Give s(6).
-3
Let q(u) = u**2 + u - 1. Let z be (-496)/(-14) - 15/35. Let g = 42 - z. Let s = g + -9. Give q(s).
1
Let h(c) = 7*c - 15. Suppose -3*v + 5 = 2*v, 3*s + 4*v = 43. Give h(s).
76
Suppose 413 - 373 = -5*i + 2*r, -3*i + 5*r = 24. Let g(f) = -f**3 - 5*f**2 + 26*f + 12. What is g(i)?
-4
Let i be (-3751)/(-242) - 2/4. Let s(b) = b**3 - 13*b**2 - 28*b - 35. Determine s(i).
-5
Let g(b) = 19*b - 3. Let u(j) = 33*j - 2. Let q(d) = -3*g(d) + 2*u(d). Let m(r) = 6 - 6 + 7 + 10*r. Let a(v) = 5*m(v) - 6*q(v). What is a(4)?
-11
Suppose 0 = 42*l - 46*l + 2*y - 16, -2*y + 1 = -l. Let p(i) = -i**2 + 17*i + 84. Give p(l).
-26
Let g(k) = k + 8. Let a = 129 + -82. Let c = a + -46. Let b be c*-1*(18 - 13). Give g(b).
3
Let v(y) = y + 5 + 6 - 3. Let a be (-7 + 9)*(0 - 1)*-1. Suppose -14 = a*g - 5*o - 2, 0 = 3*o. What is v(g)?
2
Let w(h) = -2*h - 49. Let t = 6634 + -6661. Determine w(t).
5
Let r be 134/(-6) - ((-48)/9 - (-4 - 3)). Let o(n) = 4*n + 107. Give o(r).
11
Let z = 2 - -2. Let f(t) = 4*t + z*t + 2*t - 2*t + t**2 + 5. Let w = -930 - -925. Determine f(w).
-10
Let t(l) be the third derivative of l**5/120 - l**4/2 - 121*l**3/3 - 233*l**2. Let r(z) be the first derivative of t(z). Give r(12).
0
Let n(o) = -4*o**3 - 6*o**3 + o + 3*o**2 - 5*o**3 + 14*o**3. Let x = 30 - 27. Give n(x).
3
Let k(i) = 15*i - 9. Let z be k(1). Suppose -z + 56 = -10*u. Let c(o) = 4*o + 2. Let t(m) = -1. Let b(q) = -c(q) + 5*t(q). Calculate b(u).
13
Let l(r) = r**2 + r - 1. Let h(s) = 0 - 49*s + 51*s + 3 - s**2. Let c(d) = -h(d) - 2*l(d). Let o = -32 - -27. What is c(o)?
-6
Let z(t) = 4*t**2 - 7*t + 4. Let g(n) = -n**2 + n + 1. Let d(c) = -5*g(c) - z(c). Let a be ((-10)/(-7))/(835/(-2338)). Determine d(a).
-1
Suppose -p - 3*p = -4*u, 3*u - 8*p = -12*p. Let i(r) = r**2 - 2*r + 11. Give i(u).
11
Let q(d) be the third derivative of -d**5/60 + 23*d**4/24 + 26*d**3/3 - d**2 - 1138*d. Determine q(25).
2
Let s be 1 - -2 - (-20 + 24 + 7). Let w(u) = -8*u**2 + 18. Let o(d) = 7*d**2 + d - 17. Let y(c) = -7*o(c) - 6*w(c). Give y(s).
3
Let q(t) = t**3 - 5*t**2 + 5*t - 5. Let y = 24 - 2. Suppose 0 = -r + 3*z - 7, -r - 4*r = 4*z - y. Let c be q(r). Let n(k) = k**2 + 9*k + 9. What is n(c)?
-5
Let x be -10 + 6 + 8 + -2. Suppose 3*z - 20 = -z - x*o, -2*z + 3*o = -18. Let g(j) = -z*j + 12*j - 5*j - 7 - j**2. Calculate g(0).
-7
Let l(k) = 6*k + 1. Let g = -68 - -75. Suppose -d = 2*o - 2, 8*o - g*o - 11 = -3*d. What is l(o)?
-5
Let l(w) be the second derivative of w**4/12 + 2*w**3 + 39*w**2/2 + 252*w. Let h(c) be the first derivative of l(c). Give h(-9).
-6
Let t(n) = -33*n + 64. Let q(m) = -m**2 + 142*m - 278. Let c be q(140). Give t(c).
-2
Let u(q) = 8 + q**3 - 1240*q**2 + 2486*q**2 - 1220*q**2 + 25*q. What is u(-25)?
8
Let s(m) be the first derivative of m**4/12 + 4*m**3/3 + 41*m**2 + 311. Let b(a) be the second derivative of s(a). Calculate b(-5).
-2
Let v be -2 + 5 + -1 - -1. Let q be v/4 - (-5)/4. Let w(d) = 17*d**2 + 16. Let x(o) = -41*o**2 + o - 41. Let r(k) = -5*w(k) - 2*x(k). Determine r(q).
-14
Suppose 10 = 5*k, -10 = -j - 5*k + 4. Suppose 2*s + 6 = o, -s = -5*o + o - j. Let p(g) = g**2 + 2*g - 2. What is p(s)?
6
Let t(j) be the third derivative of -j**5/60 + 23*j**4/24 - 11*j**3/3 - 1696*j**2. Calculate t(22).
0
Let v(s) = s**3 - 18*s**2 + s - 9. Let c be v(18). Let x(q) = q**3 - 8*q**2 - 4*q - 24*q + 20*q - 9. Determine x(c).
0
Let i(q) = -7*q + 94 - 73 + 14*q. Let j(n) = -13*n - 39. Let v(b) = -11*i(b) - 6*j(b). Let z be (7/1)/(0 - 1). Determine v(z).
-4
Let f(d) = d**3 + 14*d**2 - 12*d - 2. Let r be f(-13). Let b(c) be the first derivative of -14 - 326*c + r*c + c**2 - 19. Give b(7).
11
Let y be 902/110 - 1/5. Let o(i) = -y*i - 2*i**3 + i**2 + 2*i**2 + i**3 - 13*i**2 + 0*i. Suppose -6*l - 51 = 5*a - 3*l, 0 = -4*a + 5*l - 26. Calculate o(a).
-9
Let i(w) = -134*w**2 - w + 97. Let p(j) = -115*j**2 + 98. Let y(b) = 6*i(b) - 7*p(b). Calculate y(-8).
8
Let y(j) = 2*j**2 - 5*j - 9. Let v be y(4). Let m(q) = -398*q - v + 2 + 396*q. Calculate m(3).
-7
Let x(b) = 5*b + 5. Let d(m) = -20*m - 7. Let t(o) = 3*o + 1. Let j(g) = d(g) + 6*t(g). Let q(n) = -5*j(n) - x(n). Give q(-6).
-30
Suppose -48*y + 1352 = 1400. Let b(g) = -61*g + 12. Determine b(y).
73
Let l(s) = -7*s**2 - 25*s + 20. Let c(n) = -2*n**2 - 4*n + 3. Let x(d) = -6*c(d) + l(d). Let r be 4 - (7 + (0 - 4)). Calculate x(r).
6
Let z(d) = -71*d**3 + 17*d**2 + 40*d - 4. Let u(y) = -5*y**3 + 2*y**2 + 2*y. Let a(x) = 14*u(x) - z(x). Let r be 6/(-4)*(7 + 1). Calculate a(r).
4
Suppose 0 = 16*l - 46 + 30. Let v(w) = -53*w**2 - l + w + 26*w**2 + 37*w**2 + w**3. Calculate v(-10).
-11
Let z(j) = -15*j**2 + 0*j**3 + 2 + 10*j**2 - 99368*j + 99370*j - j**3. Let w(i) = -5*i - 1. Let u be w(1). Give z(u).
26
Let i(n) = -17*n + 562. Let v be i(33). Let s(w) = -30*w**3 + 2*w**2 - 2*w. Determine s(v).
-30
Suppose 0 = 108*i - 148 - 284. Let z(d) be the first derivative of 0*d**2 + 1/4*d**i - 4/3*d**3 + 5 - d. Determine z(4).
-1
Let x = -30 - -32. Let u(w) = -85*w**x - 81*w**2 - 3*w - 3 + 169*w**2. Determine u(-2).
15
Let q(k) be the first derivative of k**2/2 + 25*k - 16. Let m(s) = -s - 13. Let p(w) = 5*m(w) + 3*q(w). What is p(8)?
-6
Suppose -14957*b = -14961*b + 6 + 14. Let p(k) = -6*k + 15. Let z(a) = 3*a - 8. Let i(j) = -3*p(j) - 5*z(j). Give i(b).
10
Let n(i) = 17 - 5*i**2 + 5*i**2 - i**2 - 10. Let b(w) = w**3 + 6*w**2 - 2*w + 30. Let f be b(-7). Calculate n(f).
-18
Let m(z) = -4810*z - 1530 + 4832*z + 1322. Determine m(9).
-10
Let n(w) = -6*w**2 + w - 2. Let u(h) = -h**2 + h - 1. Let o(x) = -n(x) + 2*u(x). Suppose 3 = -2*y + 5*l - 5, -3*y - 5*l = -13. Determine o(y).
5
Let j(l) = -l**2 - 13*l - 52. Let w be 12/(-40) - (66/(-20) + 9). Determine j(w).
-10
Let p = -977 - -974. Let t(u) = u**2 + 3*u + 2. Determine t(p).
2
Let s = -33 - -39. Suppose h + 5*r - 17 = 0, -s*h - r + 11 = -2*h. Let l(c) = c. Let m(g) = 21*g - 3. Let q(b) = -15*l(b) + m(b). What is q